-3b3
What is 1205 (base 6) in base 9?
355
-16253 (base 13) to base 6
-523045
-132162 (base 8) to base 14
-12b98
-701 (base 9) to base 5
-4233
54373 (base 9) to base 12
18a26
What is -3310 (base 4) in base 7?
-466
-156555 (base 7) to base 10
-31155
What is 3333 (base 10) in base 5?
101313
-14404 (base 5) to base 8
-2315
Convert 6020 (base 13) to base 4.
3032120
-10101010 (base 2) to base 15
-b5
What is 1104213 (base 5) in base 10?
19308
113132 (base 6) to base 10
9776
-a649 (base 12) to base 9
-26863
What is 21d7 (base 15) in base 16?
1c09
Convert 245 (base 15) to base 6.
2215
What is -a781 (base 14) in base 4?
-13003331
848 (base 9) to base 7
2006
Convert 3021010 (base 5) to base 8.
136177
-2413404 (base 5) to base 6
-543354
What is 25053 (base 8) in base 6?
121551
Convert -25074 (base 9) to base 10.
-16834
What is 6134 (base 8) in base 5?
100124
Convert 5a (base 11) to base 6.
145
Convert 25040 (base 6) to base 7.
13530
Convert -223106 (base 7) to base 3.
-2000011222
532 (base 15) to base 4
102110
Convert 125 (base 12) to base 10.
173
Convert 2455 (base 8) to base 5.
20300
Convert -344 (base 10) to base 2.
-101011000
Convert 687 (base 10) to base 11.
575
-322222 (base 4) to base 2
-111010101010
What is -12823 (base 10) in base 12?
-7507
What is -11de (base 16) in base 7?
-16223
Convert 1042304 (base 5) to base 10.
18454
Convert 24200 (base 6) to base 3.
11211200
39 (base 12) to base 7
63
Convert 11e8c (base 15) to base 5.
3313112
What is -35dd (base 16) in base 11?
-a3a6
What is 1002212 (base 4) in base 11?
3225
What is -9923 (base 12) in base 2?
-100000111101011
Convert -12330 (base 6) to base 14.
-966
-301302 (base 4) to base 7
-12201
What is -1101010011 (base 2) in base 4?
-31103
1021100 (base 3) to base 7
2463
Convert 199 (base 11) to base 2.
11100101
What is -33 (base 10) in base 3?
-1020
What is -20231311 (base 4) in base 11?
-24906
Convert -13633 (base 11) to base 16.
-4bc4
-10662 (base 7) to base 13
-1329
11033001 (base 4) to base 15
6546
Convert -359 (base 10) to base 6.
-1355
Convert 13acc (base 13) to base 9.
55682
What is -532 (base 13) in base 5?
-12021
-110101 (base 2) to base 12
-45
-3632 (base 8) to base 10
-1946
What is -2899 (base 10) in base 3?
-10222101
Convert 1486 (base 15) to base 14.
1865
-2ba7 (base 13) to base 14
-2486
Convert 3224 (base 5) to base 4.
12313
Convert -574 (base 10) to base 7.
-1450
What is 173d (base 15) in base 4?
1032100
Convert -2aaf (base 16) to base 15.
-3387
Convert -101100100 (base 2) to base 16.
-164
-212443 (base 5) to base 7
-30063
What is -40c (base 16) in base 12?
-724
Convert -6918 (base 16) to base 9.
-40813
155c1 (base 14) to base 10
53285
What is 150 (base 13) in base 8?
352
What is -501 (base 11) in base 12?
-426
Convert 935 (base 13) to base 11.
11a3
What is 2d53 (base 16) in base 15?
3688
Convert -2007 (base 8) to base 7.
-3002
What is 35b9 (base 16) in base 9?
20771
What is 332205 (base 6) in base 3?
1102000212
10001011101011 (base 2) to base 12
520b
-1367 (base 12) to base 5
-32424
Convert -2a0e (base 16) to base 3.
-112202202
What is -122202 (base 3) in base 6?
-2115
Convert 492b (base 14) to base 8.
30753
Convert -221112 (base 3) to base 6.
-3105
12111 (base 7) to base 13
157b
1021011 (base 3) to base 5
12142
Convert -629 (base 14) to base 5.
-14323
-56380 (base 9) to base 14
-d942
Convert 26bd (base 14) to base 2.
1101010101111
What is -1110011011111 (base 2) in base 13?
-3497
Convert 12300 (base 5) to base 7.
2525
What is -26d (base 16) in base 13?
-38a
-114b (base 13) to base 9
-3288
Convert 101110 (base 3) to base 11.
237
Convert -22301 (base 4) to base 11.
-577
-718 (base 11) to base 12
-602
Convert fc89 (base 16) to base 2.
1111110010001001
Convert 21e (base 15) to base 6.
2115
Convert 744 (base 11) to base 12.
627
What is 1030 (base 8) in base 7?
1364
14124 (base 9) to base 6
112204
Convert -c95c (base 16) to base 15.
-10418
Convert 5fc (base 16) to base 13.
90b
-55222 (base 6) to base 8
-16736
Convert 7cc5 (base 13) to base 9.
26080
What is b9d (base 15) in base 3?
10121011
What is 5cc (base 13) in base 14?
525
5c4 (base 14) to base 10
1152
-5d8 (base 14) to base 8
-2222
What is -490 (base 15) in base 14?
-53d
What is 2f7 (base 16) in base 3?
1001010
-50330 (base 6) to base 7
-25155
What is -5101 (base 8) in base 5?
-41000
-45778 (base 9) to base 14
-b1a7
-a2 (base 14) to base 16
-8e
What is -462 (base 10) in base 7?
-1230
Convert -13593 (base 11) to base 12.
-b239
1b3b (base 15) to base 2
1011100010010
Convert -293 (base 10) to base 6.
-1205
What is -17a (base 13) in base 5?
-2040
What is 21481 (base 9) in base 10?
14248
What is -53224 (base 7) in base 5?
-410100
Convert 28a1 (base 13) to base 4.
1123311
What is -110101011001 (base 2) in base 14?
-1361
-110201 (base 4) to base 8
-2441
-11525 (base 6) to base 12
-ba5
-101000110111 (base 2) to base 11
-1a68
Convert 13a3 (base 15) to base 12.
2523
Convert -1273 (base 8) to base 11.
-586
Convert 4c1 (base 14) to base 16.
3b9
What is -200066 (base 7) in base 6?
-415502
Convert -13848 (base 12) to base 4.
-12213320
What is -1100122111 (base 3) in base 2?
-110100001011100
374 (base 14) to base 7
2004
What is 12150 (base 8) in base 15?
1834
Convert -2b43 (base 13) to base 16.
-18a4
-23352 (base 6) to base 9
-4565
What is 101031 (base 4) in base 16?
44d
Convert 11305 (base 8) to base 10.
4805
What is dfc (base 16) in base 3?
11220121
What is -170 (base 13) in base 14?
-148
What is 367a (base 14) in base 7?
36513
Convert 1112431 (base 5) to base 6.
231221
-211 (base 6) to base 10
-79
Convert -40620 (base 8) to base 6.
-205412
What is 12330 (base 4) in base 11?
374
What is 1753 (base 13) in base 3?
11201201
Convert -3416 (base 9) to base 3.
-10110120
-4334002 (base 5) to base 14
-1d0ba
What is 1031442 (base 5) in base 16?
4553
What is 331023 (base 5) in base 13?
5250
What is -221 (base 13) in base 12?
-265
What is 146554 (base 7) in base 14?
a69b
107 (base 11) to base 16
80
1432 (base 9) to base 10
1082
-547 (base 8) to base 11
-2a7
What is 335 (base 10) in base 9?
412
What is -ab (base 14) in base 9?
-177
Convert -3100130 (base 4) to base 5.
-411330
What is -2131312 (base 4) in base 12?
-5a1a
100001001 (base 2) to base 16
109
Convert 112103 (base 4) to base 6.
10335
Convert -410431 (base 7) to base 11.
-48528
What is -2452 (base 6) in base 16?
-260
-93 (base 16) to base 11
-124
What is -546 (base 14) in base 12?
-72a
What is 2a0 (base 12) in base 11?
341
What is -24675 (base 10) in base 4?
-12001203
-322120 (base 4) to base 11
-2897
What is -5140 (base 8) in base 11?
-1aa5
What is -152 (base 14) in base 16?
-10c
What is 4092 (base 10) in base 5?
112332
Convert 37237 (base 10) to base 13.
13c45
-202221002 (base 3) to base 10
-15257
-21 (base 10) to base 14
-17
66 (base 13) to base 2
1010100
What is -435 (base 13) in base 12?
-500
246e (base 16) to base 13
4325
-20800 (base 9) to base 15
-4130
What is -12130 (base 8) in base 3?
-21010220
10000001011001 (base 2) to base 14
3037
What is 21201101 (base 3) in base 4?
1113322
-2200203 (base 5) to base 4
-21022301
What is -4751 (base 11) in base 15?
-1ca2
-1368 (base 9) to base 5
-13114
Convert -2508 (base 9) to base 5.
-24441
What is 10072 (base 11) in base 15?
4565
Convert 152 (base 15) to base 13.
1a3
Convert -2191 (base 15) to base 12.
-4147
Convert 84b (base 16) to base 2.
100001001011
19a2 (base 12) to base 16
c4a
What is -4613 (base 7) in base 16?
-68c
What is 122011211 (base 3) in base 9?
18154
What is -1200012211 (base 3) in base 16?
-80c2
2506 (base 10) to base 5
40011
What is -321332 (base 4) in base 15?
-1175
What is 121617 (base 8) in base 13?
1609b
Convert 5201 (base 11) to base 10.
6898
Convert -13b03 (base 14) to base 6.
-1013543
-250 (base 14) to base 11
-390
Convert 297 (base 10) to base 7.
603
Convert -26e (base 15) to base 6.
-2322
What is 1129 (base 12) in base 13?
b37
-1487c (base 14) to base 15
-101ea
Convert -23933 (base 13) to base 11.
-45052
-20011 (base 5) to base 14
-65a
Convert -19c6d (base 15) to base 2.
-10100011101011011
-4cc9 (base 13) to base 16
-2ae5
What is 634a (base 12) in base 7?
43441
Convert -2354 (base 9) to base 5.
-24000
What is -18a (base 14) in base 7?
-633
Convert 1239 (base 10) to base 2.
10011010111
-110001111110 (base 2) to base 13
-1